{"id":15898,"date":"2026-03-17T11:53:10","date_gmt":"2026-03-17T11:53:10","guid":{"rendered":"https:\/\/fiat600light.com.ar\/?page_id=15898"},"modified":"2026-03-17T12:00:24","modified_gmt":"2026-03-17T12:00:24","slug":"dobletazo-del-campeon-en-el-arranque-2026","status":"publish","type":"page","link":"https:\/\/fiat600light.com.ar\/index.php\/dobletazo-del-campeon-en-el-arranque-2026\/","title":{"rendered":"DOBLETAZO DEL CAMPEON EN EL ARRANQUE 2026"},"content":{"rendered":"\n<p><strong>En el Roberto Mouras de la ciudad de La Plata se di\u00f3 inicio a un nuevo campeonato de nuestra categor\u00eda<br>Con un nutirdo parque de m\u00e1quinas, el campe\u00f3n de la especilidad, Mat\u00edas Balladares, se llev\u00f3 de manera magistral las dos finales en juego.<\/strong><\/p>\n\n\n\n<p><strong>Esto es lo que ocurrio&#8230;<\/strong><\/p>\n\n\n\n<p class=\"has-palette-color-1-color has-text-color has-link-color has-medium-font-size wp-elements-1547f0af1469ebbe89a7a1a9fbaa18a5\"><strong>FINAL 1<\/strong><\/p>\n\n\n\n<p><strong>El campe\u00f3n, Mat\u00edas Balladares, se impuso en la primera final del a\u00f1o y arranc\u00f3 la temporada en lo m\u00e1s alto gracias al potencial de la unidad del Tala Motores.<br>Si bien hab\u00eda largado desde la segunda colocaci\u00f3n, salt\u00f3 a la punta en la primera vuelta para acelerar y alejarse vuelta tras vuelta.<\/strong><img decoding=\"async\" width=\"900\" height=\"600\" class=\"wp-image-15900 lazyload\" style=\"--smush-placeholder-width: 900px; --smush-placeholder-aspect-ratio: 900\/600;width: 900px;\" data-src=\"https:\/\/fiat600light.com.ar\/wp-content\/uploads\/2026\/03\/DSC_0520.jpg\" alt=\"\" data-srcset=\"https:\/\/fiat600light.com.ar\/wp-content\/uploads\/2026\/03\/DSC_0520.jpg 1440w, https:\/\/fiat600light.com.ar\/wp-content\/uploads\/2026\/03\/DSC_0520-300x200.jpg 300w, https:\/\/fiat600light.com.ar\/wp-content\/uploads\/2026\/03\/DSC_0520-1024x683.jpg 1024w, https:\/\/fiat600light.com.ar\/wp-content\/uploads\/2026\/03\/DSC_0520-768x512.jpg 768w\" data-sizes=\"auto, (max-width: 900px) 100vw, 900px\" src=\"data:image\/svg+xml;base64,PHN2ZyB3aWR0aD0iMSIgaGVpZ2h0PSIxIiB4bWxucz0iaHR0cDovL3d3dy53My5vcmcvMjAwMC9zdmciPjwvc3ZnPg==\" \/><strong><br>Atr\u00e1s, el poleman de la primera fecha, Guillermo Rodr\u00edguez, libr\u00f3 una dura batalla con Emiliano Gonz\u00e1lez, quien finalmente se qued\u00f3 con el segundo escal\u00f3n del podio.<br>El \u00abRaro\u00bb debi\u00f3 conformarse con la tercera colocaci\u00f3n, delante de Mauro Risoli y Daniel Cazziani.<\/strong><\/p>\n\n\n\n<p class=\"has-palette-color-1-color has-text-color has-link-color has-medium-font-size wp-elements-b431e0ab7fbde83d56e6ce72037c99ba\"><strong>FINAL 2<\/strong><\/p>\n\n\n\n<p><strong>Las dos finales de la primera fecha quedaron en poder de Mat\u00edas Balladares, quien marc\u00f3 el ritmo en el aut\u00f3dromo de La Plata para arrancar la temporada en lo m\u00e1s alto del certamen.<\/strong><\/p>\n\n\n\n<p><strong>Luego de conseguir la victoria de la carrera inicial, el campe\u00f3n larg\u00f3 adelante en la segunda competencia, en la que se impuso de punta a punta con la unidad del Tala Motores.<br>Atr\u00e1s la lucha fue otra y el m\u00e1s beneficiado fue Mauro Risoli, quien logr\u00f3 avanzar desde la cuarta ubicaci\u00f3n para subir al segundo escal\u00f3n del podio.<br>Guillermo Rodr\u00edguez volvi\u00f3 a completar el terceto de punta con el auto del EMG Motores, luego de superar a Mat\u00edas Calvi\u00f1o.<\/strong><img decoding=\"async\" width=\"900\" height=\"600\" class=\"wp-image-15901 lazyload\" style=\"--smush-placeholder-width: 900px; --smush-placeholder-aspect-ratio: 900\/600;width: 900px;\" data-src=\"https:\/\/fiat600light.com.ar\/wp-content\/uploads\/2026\/03\/DSC_3013-1.jpg\" alt=\"\" data-srcset=\"https:\/\/fiat600light.com.ar\/wp-content\/uploads\/2026\/03\/DSC_3013-1.jpg 1440w, https:\/\/fiat600light.com.ar\/wp-content\/uploads\/2026\/03\/DSC_3013-1-300x200.jpg 300w, https:\/\/fiat600light.com.ar\/wp-content\/uploads\/2026\/03\/DSC_3013-1-1024x683.jpg 1024w, https:\/\/fiat600light.com.ar\/wp-content\/uploads\/2026\/03\/DSC_3013-1-768x512.jpg 768w\" data-sizes=\"auto, (max-width: 900px) 100vw, 900px\" src=\"data:image\/svg+xml;base64,PHN2ZyB3aWR0aD0iMSIgaGVpZ2h0PSIxIiB4bWxucz0iaHR0cDovL3d3dy53My5vcmcvMjAwMC9zdmciPjwvc3ZnPg==\" \/><strong><br>Expectante, Daniel Cazziani volvi\u00f3 a cruzar la bandera a cuadros en quinta ubicaci\u00f3n, en tanto que Ezequiel Monteiro se luci\u00f3 como el piloto que m\u00e1s avanz\u00f3 en el fin de semana al remontar 13 puestos para llegar 6\u00b0.<br>La pr\u00f3xima fecha de la temporada ser\u00e1 el 18 y 19 de abril en el escenario platense.<\/strong><\/p>\n\n\n\n<p><\/p>\n","protected":false},"excerpt":{"rendered":"<p>En el Roberto Mouras de la ciudad de La Plata se di\u00f3 inicio a un nuevo campeonato de nuestra categor\u00edaCon un nutirdo parque de m\u00e1quinas, el campe\u00f3n de la especilidad, [&hellip;]<\/p>\n","protected":false},"author":2,"featured_media":15899,"parent":0,"menu_order":0,"comment_status":"closed","ping_status":"closed","template":"","meta":{"ngg_post_thumbnail":0,"footnotes":""},"class_list":["post-15898","page","type-page","status-publish","has-post-thumbnail","hentry"],"blocksy_meta":[],"_links":{"self":[{"href":"https:\/\/fiat600light.com.ar\/index.php\/wp-json\/wp\/v2\/pages\/15898","targetHints":{"allow":["GET"]}}],"collection":[{"href":"https:\/\/fiat600light.com.ar\/index.php\/wp-json\/wp\/v2\/pages"}],"about":[{"href":"https:\/\/fiat600light.com.ar\/index.php\/wp-json\/wp\/v2\/types\/page"}],"author":[{"embeddable":true,"href":"https:\/\/fiat600light.com.ar\/index.php\/wp-json\/wp\/v2\/users\/2"}],"replies":[{"embeddable":true,"href":"https:\/\/fiat600light.com.ar\/index.php\/wp-json\/wp\/v2\/comments?post=15898"}],"version-history":[{"count":1,"href":"https:\/\/fiat600light.com.ar\/index.php\/wp-json\/wp\/v2\/pages\/15898\/revisions"}],"predecessor-version":[{"id":15903,"href":"https:\/\/fiat600light.com.ar\/index.php\/wp-json\/wp\/v2\/pages\/15898\/revisions\/15903"}],"wp:featuredmedia":[{"embeddable":true,"href":"https:\/\/fiat600light.com.ar\/index.php\/wp-json\/wp\/v2\/media\/15899"}],"wp:attachment":[{"href":"https:\/\/fiat600light.com.ar\/index.php\/wp-json\/wp\/v2\/media?parent=15898"}],"curies":[{"name":"wp","href":"https:\/\/api.w.org\/{rel}","templated":true}]}}

<p><strong>En el Roberto Mouras de la ciudad de La Plata se dió inicio a un nuevo campeonato de nuestra categoría<br>Con un nutirdo parque de máquinas, el campeón de la especilidad, Matías Balladares, se llevó de manera magistral las dos finales en juego.</strong></p>



<p><strong>Esto es lo que ocurrio&#8230;</strong></p>



<p class="has-palette-color-1-color has-text-color has-link-color has-medium-font-size wp-elements-1547f0af1469ebbe89a7a1a9fbaa18a5"><strong>FINAL 1</strong></p>



<p><strong>El campeón, Matías Balladares, se impuso en la primera final del año y arrancó la temporada en lo más alto gracias al potencial de la unidad del Tala Motores.<br>Si bien había largado desde la segunda colocación, saltó a la punta en la primera vuelta para acelerar y alejarse vuelta tras vuelta.</strong><img decoding="async" width="900" height="600" class="wp-image-15900 lazyload" style="--smush-placeholder-width: 900px; --smush-placeholder-aspect-ratio: 900/600;width: 900px;" data-src="https://fiat600light.com.ar/wp-content/uploads/2026/03/DSC_0520.jpg" alt="" data-srcset="https://fiat600light.com.ar/wp-content/uploads/2026/03/DSC_0520.jpg 1440w, https://fiat600light.com.ar/wp-content/uploads/2026/03/DSC_0520-300x200.jpg 300w, https://fiat600light.com.ar/wp-content/uploads/2026/03/DSC_0520-1024x683.jpg 1024w, https://fiat600light.com.ar/wp-content/uploads/2026/03/DSC_0520-768x512.jpg 768w" data-sizes="auto, (max-width: 900px) 100vw, 900px" src="data:image/svg+xml;base64,PHN2ZyB3aWR0aD0iMSIgaGVpZ2h0PSIxIiB4bWxucz0iaHR0cDovL3d3dy53My5vcmcvMjAwMC9zdmciPjwvc3ZnPg==" /><strong><br>Atrás, el poleman de la primera fecha, Guillermo Rodríguez, libró una dura batalla con Emiliano González, quien finalmente se quedó con el segundo escalón del podio.<br>El «Raro» debió conformarse con la tercera colocación, delante de Mauro Risoli y Daniel Cazziani.</strong></p>



<p class="has-palette-color-1-color has-text-color has-link-color has-medium-font-size wp-elements-b431e0ab7fbde83d56e6ce72037c99ba"><strong>FINAL 2</strong></p>



<p><strong>Las dos finales de la primera fecha quedaron en poder de Matías Balladares, quien marcó el ritmo en el autódromo de La Plata para arrancar la temporada en lo más alto del certamen.</strong></p>



<p><strong>Luego de conseguir la victoria de la carrera inicial, el campeón largó adelante en la segunda competencia, en la que se impuso de punta a punta con la unidad del Tala Motores.<br>Atrás la lucha fue otra y el más beneficiado fue Mauro Risoli, quien logró avanzar desde la cuarta ubicación para subir al segundo escalón del podio.<br>Guillermo Rodríguez volvió a completar el terceto de punta con el auto del EMG Motores, luego de superar a Matías Calviño.</strong><img decoding="async" width="900" height="600" class="wp-image-15901 lazyload" style="--smush-placeholder-width: 900px; --smush-placeholder-aspect-ratio: 900/600;width: 900px;" data-src="https://fiat600light.com.ar/wp-content/uploads/2026/03/DSC_3013-1.jpg" alt="" data-srcset="https://fiat600light.com.ar/wp-content/uploads/2026/03/DSC_3013-1.jpg 1440w, https://fiat600light.com.ar/wp-content/uploads/2026/03/DSC_3013-1-300x200.jpg 300w, https://fiat600light.com.ar/wp-content/uploads/2026/03/DSC_3013-1-1024x683.jpg 1024w, https://fiat600light.com.ar/wp-content/uploads/2026/03/DSC_3013-1-768x512.jpg 768w" data-sizes="auto, (max-width: 900px) 100vw, 900px" src="data:image/svg+xml;base64,PHN2ZyB3aWR0aD0iMSIgaGVpZ2h0PSIxIiB4bWxucz0iaHR0cDovL3d3dy53My5vcmcvMjAwMC9zdmciPjwvc3ZnPg==" /><strong><br>Expectante, Daniel Cazziani volvió a cruzar la bandera a cuadros en quinta ubicación, en tanto que Ezequiel Monteiro se lució como el piloto que más avanzó en el fin de semana al remontar 13 puestos para llegar 6°.<br>La próxima fecha de la temporada será el 18 y 19 de abril en el escenario platense.</strong></p>



<p></p>

<p>En el Roberto Mouras de la ciudad de La Plata se dió inicio a un nuevo campeonato de nuestra categoríaCon un nutirdo parque de máquinas, el campeón de la especilidad, [&hellip;]</p>
